late 14 + (1 - (12 - (-16 + 12))) + -58.
-59
Evaluate (84 - 2) + 32 + (-2 - 47).
65
Calculate (5 - 3 - 6) + 40 + -27 + -9 - -12.
12
Calculate 524 + -523 - ((-4 - -9) + -3 + 5 + -4).
-2
Evaluate -6 + (22 - (9 - (6 + -10))) - -10.
13
Calculate -18 - (5 + 42 + -43).
-22
Calculate -17 - ((-102 - 6) + (-8 - -26)).
73
-47 + -1 + 18 + (0 + -13 - 8)
-51
Evaluate 27 - -2 - (-39 + 116).
-48
What is the value of -20 - 3 - ((86 - 153) + -53)?
97
Evaluate 71 - 56 - (3 + 32 + -10).
-10
Evaluate -238 + 18 + 186 - (-1 - 25).
-8
Evaluate 0 - -35 - (-599 + 653).
-19
Evaluate -40 + 41 - (-9 - (-10 - 107)).
-107
What is 28 - (-37 - (-15 - 6))?
44
What is (237 - 146) + (-197 - -37)?
-69
What is -72 - (-155 + 43 + 46)?
-6
-8 + -2 + 19 - -54 - ((-21 - -32) + 1)
51
What is the value of 12 - (-1 + -14 + (10 - -43))?
-26
Calculate 109 - 61 - 81 - 0.
-33
Calculate (-24 + -43 - -12) + 6 + 1 + (-22 - -18).
-52
What is the value of (-21 - -39) + -4 - (48 - -3)?
-37
Calculate -16 - ((19 - (-25 - -8 - -16)) + -88).
52
What is the value of (-7 + -38 - -1) + 0 + -3 + 12?
-35
What is the value of 2 + -11 + -4 + 2 - -23 - 55?
-43
(-72 - 8) + 13 - (71 - 64)
-74
Evaluate 243 + -212 + (-36 - -7) + -1 + 69.
70
Calculate (33 - 41) + (-6 - 0 - (7 + -11) - 21).
-31
(-2 - -31 - (-445 + 489)) + (2 - 10)
-23
4 + -1 + 16 + 1540 + -1538
21
-1 + 13 + 21 + (37 - 76)
-6
Calculate 121 + (-61 - 58) - (91 + (-3 - -5)).
-91
Evaluate 64 - (-9 - (-4 - (5 + 10) - -11) - 2).
67
-1 - (4 - 6) - (-261 + 315)
-53
What is the value of -45 - ((-67 - -67) + 4 + 15 + -17)?
-47
Evaluate (24 + (-25 - 38) - -33) + -112.
-118
What is 14 + (-15 - -44) + 26 - (-2 - -6)?
65
69 + (5 + -7 + -11 - -7 - -6)
69
What is -27 + 65 + -60 + (2 - 0)?
-20
Evaluate 44 - (-2 + 3) - (-13 - -15).
41
(-53 - -170 - 25) + (2 - -6) + -16
84
Calculate -9 + 20 + 71 + -112.
-30
What is the value of 1 + 5 + -46 + 43 + (4 - (35 - 0))?
-28
What is (87 + -2 - 109) + -26 + -1?
-51
Evaluate 124 + (0 - -9 - (30 - (-35 + 56))) + 7.
131
Calculate -1 + (0 + 0 - -11) + 10 + -30.
-10
Evaluate -179 - -194 - (-50 + 4).
61
What is the value of 1 - -3 - (-21 - 41) - ((31 - 24) + -6)?
65
7 + -3 + -1 + (10 - 2) + -18
-7
What is -34 - (-31 - -32 - 19) - (-107 + 1)?
90
What is the value of 13 + -9 + 18 - (-11 + 8 - 4)?
29
Calculate -934 + 914 + -12 + 4.
-28
What is the value of -2260 + 2297 - (0 - -46)?
-9
-4 + (4 - 4) + (-424 - -409)
-19
What is the value of (160 - 102) + (-27 - -4)?
35
What is 35 + -88 - 6 - -10?
-49
What is the value of -5 - (62 + 68 - 74)?
-61
What is -14 + (-6 - 18) - -67 - -32?
61
Calculate 57 - ((702 - 705) + (0 - -20)).
40
Evaluate 68 - (21 + -38 + 56).
29
What is the value of 50 - (-23 - (72 - 58))?
87
158 - (97 + -119 - -79)
101
What is 54 - (12 + -31 - 0 - -40)?
33
Evaluate 120 + 29 + -39 + (10 - (1 + 1 + -2)).
120
What is the value of (-979 - -1036) + -107 + 4?
-46
(-433 - -308) + (246 - 27)
94
Evaluate 160 + -154 + 2 + 9.
17
Evaluate -16 - ((-5 - -22) + -8 + 8 + -7).
-26
What is the value of (16 - 14) + 12 + (20 - 37) - -70?
67
Calculate 103 + (-114 - -106) + (-1 - -24).
118
1 - ((-16 - (-19 + 3)) + (8 - (5 - -24)))
22
Calculate 320 - 322 - (70 + -2 + (5 - 1)).
-74
(-56 - 22 - -133) + -111
-56
Calculate 34 - ((-5021 - -5019) + (1 + -1 - -13)).
23
Evaluate 34 + 64 - -97 - 108.
87
(-8 - 1) + -60 + 6 + 6 + -9 + 10
-56
Evaluate (-1965 - -1948) + 70 + 0.
53
Calculate (-1 - (0 - 53)) + (-6 - 1) + 7 - 1.
51
Evaluate -10 + (-1 - -51) + 10 + -1 + -6 + -9.
34
Evaluate -4 + (-15 - -6 - (15 - 15) - (41 - -2)).
-56
What is -1 - (57 + -50 - (79 - (6 + -11)))?
76
What is -3 + 100 + -2 + 3 + (163 - 174)?
87
What is 56 - -2 - (244 + 41 + -314)?
87
Calculate 8 - 57 - (-50 + 18 + 29).
-46
Evaluate -88 + 195 + -212 + 82.
-23
What is the value of (-119 + 13 - (3 + -37)) + 19?
-53
Calculate 37 + (-23 - -8) + 3 + -98.
-73
-1 - 12 - -19 - (29 - -5 - (-1 - -7))
-22
Calculate 6 + -2 - (107 - 120 - -21).
-4
What is -5 - (-24 - 1) - 12 - 45?
-37
Calculate (-3 - (4 - 6)) + -61 + -6 + 80.
12
What is the value of -34 + (5 - -12) - -83 - (-7 + 1 + 3)?
69
What is -12 + 3 + -4 - (1 - (-152 - -40)) - -3?
-123
What is the value of -22 + 1 - (-29 - ((10 - 2) + -23))?
-7
Evaluate (48 - -38) + -99 - (-1 - (94 + 2)).
84
14 - (-12 + 0 + (30 - 0)) - 15
-19
What is the value of -21 + (10 - (-31 - -21) - 21) + 64?
42
13 + 1 - (-1303 + 1300)
17
Evaluate (154 - 178) + (5 - ((1 - -7) + -5) - 12).
-34
Calculate (-69 - -231 - 187) + -1 + 0.
-26
What is (-34 - -103) + -71 + 13 + -1 + -28?
-18
Evaluate -679 - -675 - (7 + -1) - (18 + -4 - -3).
-27
Evaluate (119 - 73 - 24) + 28.
50
(-13 - 1) + (-278 - -131) + 195
34
What is 0 - (55 + 16 + -1 + -9 + -8 + -3)?
-50
-46 - (-72 + 40) - -7
-7
Calculate 13 + 2 - (157 + -20 + -1 + -47).
-74
What is (-7 - 9) + -3 + -43 + 1?
-61
Evaluate 5 - 7 - -5 - (76 + -111).
38
Evaluate (14 - (3 - -8) - 5) + -43 - 6.
-51
What is the value of -16 - 1 - -13 - 60?
-64
-37 - (17 + (-10 - (8 + -1 + -13)))
-50
What is (4 - (5 + 15 + 0)) + 4?
-12
What is 8 + 6 + -34 + (42 - 35)?
-13
Calculate -1643 + 1721 + (-40 - 1).
37
Evaluate (5 - 10) + 10 - (-89 - -32).
62
Calculate 5 + (9 - (2 + 5 + 7)) - 39 - -2.
-37
Calculate -133 - (-63 - (7 - (-52 + 95))).
-106
What is 1 + -7 + (68 + -55 - 19) - -79?
67
What is the value of (-52 - (-14 + -33)) + 16?
11
Calculate -27 - -38 - (47 + (6 - 14) + 0).
-28
Evaluate 0 + -10 + 45 - (84 + -93).
44
Calculate (625 - 615 - (2 - -5)) + -17.
-14
89 - (232 + -40 + -65)
-38
Calculate (-48 - (24 + -89)) + -83.
-66
11 + (-12 - -28) + -2 - -1
26
13 - (681 + -707 + 13 + (2 - 1) + 1)
24
What is -10 + 106 - (199 - 216)?
113
Calculate 0 + 0 - ((281 - 108) + -70).
-103
Evaluate 36 + -11 + -33 + 53 + 71.
116
(-1 - (-60 - 3)) + 0 + -25 + -40 + 55
52
-58 - (-126 - -41 - -48)
-21
77 - 95 - (-92 - -11)
63
Evaluate ((-2 - 0) + 9 - (-76 - (24 - 100))) + 58.
65
What is the value of -119 - -170 - (10 + (4 - -2))?
35
Evaluate -6 + 7 + 11 + 43 + -16 + -16.
23
77 + (-68 - 1) + 4
12
What is the value of (18 - 89) + (1 - 5) + (6 - 21 - -6)?
-84
What is the value of (-4 + 11 - (11 - -26)) + 13 + -8 + 1?
-24
(1 - 8 - 2) + -2 + (8 - -49) + -4
42
Evaluate -95 + (2 + -14 + (-5 - 6 - -32) - -3).
-83
Calculate -310 + 318 - (72 + -7).
-57
What is (5 - (6 + -7)) + 5 + (88 - 103)?
-4
What is (-38 - -4) + 212 + -138?
40
Evaluate -65 - (-28 - -18) - (-15 + -25).
-15
Evaluate (-8 - -17) + 11 + 9 + 33.
62
What is (-6 - (-2 - (-2 + -1))) + -18?
-25
What is the value of 118 + -99 - (-16 + 84)?
-49
What is -3 + -83 + 0 - (-17 + 17 - (9 - -4))?
-73
Calculate 73 - -13 - (-21 - -9) - (-1 + -4 + 3).
100
107 + (-58 - 11) + -69
-31
Evaluate -259 - -247 - (-2 + (-22 - (3 + 0))).
15
Evaluate -9 + (13 - (-8 + -15 + 1)).
26
Evaluate (56 - (31 + -63 + 38)) + 9.
59
-35 + 1 + 535 + -547
-46
What is 31 + (15 - (9 - -18)) - -13 - (8 + -2)?
26
What is the value of (-111 - -8) + (28 - (11 + (-17 - -21))) - -1?
-89
-44 + (32 - (64 + 50)) + 6
-120
Evaluate -12 + 22 + -22 + 45.
33
Evaluate -32 - -12 - (-64 - (-1 + 2)).
45
-1 + 58 + ((32 - 12) + -8 - 10 - 8)
51
What is the value of (10 - 14 - -5) + -9 - (11 - 37)?
18
-102 + (-1 - (-111 - -56))
-48
What is the value of (-208 - -181) + (0 - -23)?
-4
What is -23 + -78 + (59 - (32 - 15))?
-59
-15 - (27 + 5 + -120 + 23)
50
Evaluate -19 - 0 - (0 - 28 - (-139 + 98)).
-32
Evaluate (6 - 2) + -11 - (-20 + (28 - 20)).
5
What is (38 - (-5 - -17)) + 4?
30
What is the value of 26 - (15 + -66 + 32)?
45
Evaluate 19 + -18 + (4 - (3 - 8)) - -19.
29
Calculate -6 + -53 - ((-37 - -42) + 1 + 2 + -6).
-61
What is (38 - 11) + 12 + -27 + 11?
23
Calculate -70 + 0 - ((8 - (8 - (-1 + -3))) + 11).
-77
What is -30 - (-40 - (-91 - -36))?
-45
What is the value of 8 - (-34 + 19) - (19 + 2)?
2
Calculate 55 + -6 + -31 + -29.
-11
Calculate -854 - -768 - (-25 + 0 + 3).
-64
Evaluate (1 - -4) + (-26 + 29 - (0 + -2)) - 42.
-32
What is the value of 2 + -3 + -21 + 58 + -61?
-25
What is 73 + (-79 - (-18 + 33))?
-21
What is the value of -116 + (-49 - (-25 + 2 - -2) - -18)?
-126
What is the value of (-8 + -1 - (-54 + 29 - -12)) + -4 - 94?
-94
What is 150 - (45 - -1 - (-760 + 761))?
105
Evaluate 0 + 85 - (4039 + -3988).
34
What is 7 - 8 - 7 - (-78 + 221 + (-25 - -1))?
-127
Calculate -15 + 100 + -64 + 17.
38
Evaluate -25 - (56 + 102) - -52.
-131
Calculate 1 + 12 - (735 - 674 - (0 + 3